 k = 13 - 5. Suppose 2*b + t = 11, -b + 4*t + 2 = k*t. Suppose 2*s = -0*s + b, -11 = -2*m + 3*s. What is the tens digit of m?
1
Let s(x) = x**3 - 13*x**2 + 2*x - 9. Let n be s(13). Let q(a) = n + 8*a + 8*a - 19*a. What is the tens digit of q(-7)?
3
Let a(p) = -9*p**3 + 15*p + 4. Let n(w) = 5*w**3 - 8*w - 2. Let x be -4 + 5 - (-2 - 1). Let t(j) = x*a(j) + 7*n(j). What is the tens digit of t(-3)?
1
Let q(p) be the second derivative of -p**4/12 + p**3 + 3*p**2 + 8*p. Let g = 13 + -8. What is the units digit of q(g)?
1
Let u = 1596 + -986. Suppose 0 = -5*j + 4*d - 2*d + u, 2*d = 10. Suppose 3*a - j = -a. What is the units digit of a?
1
What is the units digit of (-618)/(2*(20/16 + -2))?
2
Let y(f) = 7*f - 45. Let i(m) = -4*m + 23. Let n(g) = -5*i(g) - 2*y(g). Let z be n(10). Suppose -129 + z = -2*j. What is the tens digit of j?
4
Let r = 3 + 18. Let m = 60 - r. What is the units digit of m?
9
Let z(x) = 2*x**2 + 263*x**3 - 3*x + 0*x - 379*x**3 - 4. What is the units digit of z(-1)?
7
Let w(x) = -2*x. Suppose 0*m + 3*m - 6 = 0. Suppose m*o = -3*r - 6 - 10, 0 = 4*r + o + 18. What is the units digit of w(r)?
8
Let x be (4 - 8) + 59 + 2. Suppose -2*i = i - x. What is the tens digit of i?
1
Let k = 440 - 311. What is the units digit of k?
9
Suppose 2*u = -3*g + 1042, g - 364 = -2*u - 2*u. What is the units digit of g?
4
Let g = -30 + 51. Suppose -4*b + g + 19 = 0. What is the units digit of b?
0
Let h(x) be the third derivative of 11*x**5/30 + 5*x**4/24 + x**3/2 + 14*x**2. What is the tens digit of h(3)?
1
Let m(o) = -9*o - 39. Let y(l) = -3*l - 13. Let t(u) = 3*m(u) - 8*y(u). Let d = 60 - 72. What is the tens digit of t(d)?
2
Let p = -39 + 42. Suppose -4*d + 1 + p = 0. What is the units digit of d?
1
Let w(k) = -5*k + 17. Let d be w(3). Suppose d*v - 102 = 5*l, -153 = -3*v - l - 2*l. What is the tens digit of v?
5
Suppose 0 + 15 = 5*o. What is the units digit of (84/35)/(o/80)?
4
Let w = -114 + 116. Suppose 0 = -5*u + 3*h + 1187, -2*u - h + w*h = -475. What is the tens digit of u?
3
Let m = 1666 + -555. What is the hundreds digit of m?
1
Let s = -1024 - -1567. What is the hundreds digit of s?
5
Let t(b) = 4*b**2 + 15*b + 1. Let j be t(-4). Suppose -200 + 30 = -j*v. What is the tens digit of v?
3
What is the hundreds digit of 64232/210 - (26/30 - 1)?
3
Let a be 6/(-4) + 2/4. Let c be (-3 + a)/((-4)/(-30)). What is the tens digit of 30/4*(-72)/c?
1
Let a = -2 + 7. Suppose a*m = 4*m. Suppose m*f - 117 = -3*f. What is the units digit of f?
9
Suppose -351*a - 12 = -347*a. What is the tens digit of (-10196)/(-36) - 8/(-108)*a?
8
Let g = 519 + -224. What is the units digit of g?
5
Suppose 39*w - 24185 = 20080. What is the hundreds digit of w?
1
Suppose 0 = v - 2*d - 946, 0 = 5*v - 27*d + 24*d - 4709. What is the units digit of v?
0
What is the units digit of 10/(-25) + (-4067)/(-5)?
3
Suppose 2*u = -6*u + 2*u. Suppose 4*g - 4*k = -u*g + 516, 4*k - 408 = -3*g. What is the hundreds digit of g?
1
Suppose -4 = -2*r + 2, 2*r + 98 = 4*i. Let w = i + -29. What is the units digit of (4/w)/((-3)/54)?
4
Suppose -38*b + 33*b = -40. Suppose 11*p - b*p - 504 = 0. What is the hundreds digit of p?
1
Suppose 4 = 10*a - 9*a. Suppose a*b - 2*p - 122 = 0, -p - 81 = -3*b + 11. What is the tens digit of b?
3
Let d = -127 + 224. What is the units digit of d?
7
Let m(f) = f**2 + 16*f + 1. Let w be m(-13). Let o = w + 72. What is the tens digit of o?
3
Let j(y) = 4*y**2 - 2*y - 3. Let x(l) = l**3 + 3*l**2 + 3. Let q(g) = g + 5. Let n be q(-8). Let v be x(n). What is the tens digit of j(v)?
2
Let m(r) = -r**2 + 14*r. Let x be m(6). What is the tens digit of (((-45)/12)/5)/((-1)/x)?
3
Suppose -7*b = -2*b. Let t be (2/(-6)*b)/2. Suppose -45 = -2*m - 0*m + 3*f, 4*m + 2*f - 50 = t. What is the units digit of m?
5
Suppose 0*o + 37 = 3*m - 5*o, 2 = -2*m - 2*o. Let g(h) = h**3 - 4*h**2. Let x be g(m). Suppose -14 = -2*b - x*b. What is the units digit of b?
7
Let g = 900 + -179. Suppose -g = -3*d - 202. What is the hundreds digit of d?
1
Suppose 0 = 2*l - 11 - 7. Let x = -50 - -83. Suppose 0 = -3*r + 5*t + x, -4*r + 70 = -t + l. What is the tens digit of r?
1
Let l(h) be the third derivative of 19*h**4/4 + h**3/6 + 21*h**2. What is the hundreds digit of l(1)?
1
Let q(g) = g + 14. Let y be q(-14). Suppose -x = -4*x + z + 429, -2*z - 6 = y. What is the hundreds digit of x?
1
Suppose -3*j + 4 = -2*l, 2*l - 8 = 3*j + 6*l. Suppose -3*o + 496 - 64 = j. What is the tens digit of o?
4
Suppose n - 5*n - 24 = 0. Let a = 9 + n. What is the units digit of 21*(-28)/(-36)*a?
9
Let c(v) = 51*v - 259. What is the units digit of c(15)?
6
Let w(d) = -90*d + 103. What is the hundreds digit of w(-7)?
7
Suppose 1496 = 23*k - k. Let b be 94*(1/(-2) + 0). Let h = b + k. What is the units digit of h?
1
What is the units digit of (-6)/(2/1) - -160?
7
Suppose 0 - 5 = 5*i, 5*d + 5*i - 1370 = 0. What is the hundreds digit of d?
2
Let f(i) be the second derivative of i**4/12 - i**3/3 - 7*i. Let t be f(0). Let v(c) = c**3 - c**2 - c + 25. What is the tens digit of v(t)?
2
Suppose 80 = 7*h - 11. Suppose 0 = -q + 78 - h. What is the units digit of q?
5
Suppose 0 = 3*z - 4*z + 4. Let t = -11 - z. What is the tens digit of (-365)/t + 2/(-6)?
2
What is the units digit of (2*(-2211)/18)/((-7)/21)?
7
Let q(i) = -i - 8. Let c be q(-10). Suppose -c*y - 2*f - 18 = f, -5*y + f = 62. Let j = y + 21. What is the units digit of j?
9
Suppose -4*r + 38*n = 40*n - 13978, -r = -3*n - 3512. What is the tens digit of r?
9
Suppose -4*r + 2122 = -a, -2*r = -5*r - a + 1595. What is the units digit of r?
1
Suppose -15*v = -10*v - 2370. What is the tens digit of v?
7
Let x(d) = 120*d - 271. What is the units digit of x(7)?
9
Suppose -5*p - 21 = -4*t, -4*t + t + 2*p + 14 = 0. Suppose t*a + 2*k - 26 = 0, 0*a - 2*k = -3*a + 30. What is the units digit of a?
8
What is the tens digit of -6 + 1854 + (15 - 2)?
6
Let s(v) = 179*v - 21. Let i be s(11). Let j be i/15 + (-8)/(-60). Let h = j - 82. What is the units digit of h?
8
Let w(q) = -2033*q + 7. What is the thousands digit of w(-1)?
2
Suppose -z + 76 = -2*q - 5*z, -3*q - 2*z - 94 = 0. Let d be (-8)/q + (-52)/(-14). Suppose d*h = h + 9. What is the units digit of h?
3
Suppose 44*k - 51950 = -2890. What is the units digit of k?
5
Let j(v) = -4*v**2 - 133*v - 29. What is the hundreds digit of j(-29)?
4
What is the units digit of 756/84 - (-998 + 2)?
5
Let m(t) = -17*t**3 + 6*t**2 + 45*t - 9. What is the units digit of m(-6)?
9
Let n(c) = -20*c**3 + 4*c**2 - 2*c - 19. What is the thousands digit of n(-6)?
4
Suppose 2*d + 0*d = 8. Suppose -d*l + 5*l = 222. What is the hundreds digit of l?
2
What is the hundreds digit of (-3)/((6/(-14510))/(50/125))?
9
Let p(q) = q**3 - q**2 + q - 2. Suppose -5*v + 4 = -0*v - 3*s, -v + 5*s = 8. Let c be p(v). Suppose z = c + 28. What is the tens digit of z?
3
Let r be 5 - (5/2 - 10/(-20)). Suppose -r = -4*t + 62. What is the tens digit of t?
1
Let x = -50 - -56. What is the tens digit of 30/(-9)*x/(1 - 2)?
2
Suppose -3*i + 2507 = 5*k, 4*i + 4230 = 9*i - 2*k. What is the tens digit of i?
4
Suppose -2*c = -g - 86, 3*g - 4*g - c = 83. What is the tens digit of 3/7 - 5172/g?
6
Let s = -2200 - -4253. What is the units digit of s?
3
Suppose 6*k + 2160 = -2*k. What is the tens digit of (1*(-48)/5)/(12/k)?
1
Let a(f) = f + 4. Let m be a(-9). Let c = 5 + m. Let w(v) = v**3 - v**2 + v + 1. What is the units digit of w(c)?
1
What is the hundreds digit of 5/((-10)/(-4))*54480/32?
4
Suppose 0 = 3*v - 6*v + 3*q + 126, -160 = -4*v + 2*q. Suppose 5*w = v - 13. Suppose -3*m = -8*p + 5*p + 15, 0 = 3*p - w*m - 11. What is the units digit of p?
7
Suppose -12*w + 10166 = 2426. What is the units digit of w?
5
Suppose -1 - 7 = -z. Let w be 7/((-21)/(-9)) + 0 + 2. Suppose z*g - 117 = w*g. What is the tens digit of g?
3
Let f(x) = -x**2 + 9*x - 3. Let b(l) = -l**2 + 14*l - 10. Let s be b(9). Suppose -8*d + 3*d = -s. What is the tens digit of f(d)?
1
Suppose -14*v = 18*v - 94208. What is the tens digit of v?
4
Let z(q) = q**2 + 2*q + 20. Let v be z(0). Suppose -p = -3*x + 3*p + v, -2*p = -2*x + 12. What is the units digit of x/1*(-12)/(-8)?
6
What is the hundreds digit of 5/(-10) + ((-10070)/(-4))/5?
5
Suppose 0 = -16*s + 435 + 1821. What is the hundreds digit of s?
1
Let h(p) = 13*p + 792. 